
b33a09
In base 7, what is -3153242 + 60?
-3153152
In base 11, what is a79207 - 0?
a79207
In base 16, what is 1 + 18fb2e?
18fb2f
In base 9, what is -1145 - -185462?
184316
In base 7, what is -13043 - 6341?
-22414
In base 8, what is 1 + -367757241?
-367757240
In base 13, what is -71341 - 60?
-713a1
In base 11, what is -828644 + -140?
-828784
In base 13, what is 37 + -21565?
-2152b
In base 9, what is 4253 - -171877?
176241
In base 10, what is 52715472 - 5?
52715467
In base 12, what is b64 - -3214b?
330b3
In base 4, what is -103321 + -20320010?
-21023331
In base 8, what is 6106156 - -437?
6106615
In base 10, what is 1881420908 - -5?
1881420913
In base 4, what is 2202023230 + 12132?
2202102022
In base 5, what is -2444 + -2431232?
-2434231
In base 10, what is -3497 - -8513?
5016
In base 12, what is -102 - 50b77?
-51079
In base 10, what is -7 - -21541211?
21541204
In base 12, what is 5 + -723959?
-723954
In base 2, what is -110011111101111 - 100000110010?
-111000000100001
In base 9, what is -8784 - -27203?
17308
In base 15, what is -21 - -908487?
908466
In base 10, what is 38007011 + -2?
38007009
In base 8, what is -1417 - -565403?
563764
In base 15, what is 1c91d + -6a?
1c8a3
In base 15, what is 1 + -4a6c0d?
-4a6c0c
In base 16, what is -17cf166 - 5?
-17cf16b
In base 2, what is 11110001010 - 111001001010101?
-110101011001011
In base 9, what is -3614612 + -1?
-3614613
In base 4, what is -10 + -1011113210?
-1011113220
In base 16, what is -21550 - -2d8?
-21278
In base 4, what is 12031 - 11331330?
-11313233
In base 14, what is 2aa87a8 + -1?
2aa87a7
In base 16, what is -99abe + 7?
-99ab7
In base 13, what is -14b6065 - -1?
-14b6064
In base 14, what is 2299 + -b87?
1512
In base 12, what is 0 + -16a2a322?
-16a2a322
In base 9, what is -58 + 4041574?
4041515
In base 12, what is 5 - -38146?
3814b
In base 3, what is -100 + -112100211121011?
-112100211121111
In base 4, what is 1023003331120 - -11?
1023003331131
In base 13, what is -51994 - -35b?
-51636
In base 11, what is 3 - 61a204?
-61a201
In base 10, what is 231 - -62652?
62883
In base 13, what is 4 - -1ab33618?
1ab3361c
In base 5, what is 1403044104 + -2?
1403044102
In base 5, what is -1233 - 11404024?
-11410312
In base 15, what is e1 - -1171c?
1180d
In base 16, what is f - f798?
-f789
In base 7, what is 6 - 602003155?
-602003146
In base 4, what is -10 - -3003001223333?
3003001223323
In base 16, what is -a28 + 157f5?
14dcd
In base 6, what is -21544305 - 301?
-21545010
In base 5, what is 244013104 - -11241?
244024400
In base 2, what is -10001010000 - 10010100001110000111?
-10010100011111010111
In base 2, what is 110011011010 + -1111001011?
100100001111
In base 16, what is -53 + -d1d4?
-d227
In base 10, what is 1 + -82042190?
-82042189
In base 11, what is -7 + 3559?
3552
In base 9, what is 2 - -6328734?
6328736
In base 11, what is 1293 + 1969?
3151
In base 6, what is -354150340 - -12?
-354150324
In base 15, what is 6a4a - -18c?
6bd7
In base 14, what is 2 - -34c9304?
34c9306
In base 6, what is 0 + 30251230251?
30251230251
In base 5, what is 224334 + 31221?
311110
In base 2, what is 1001000000111 + 11100101111?
1100100110110
In base 8, what is -16 - 213322020?
-213322036
In base 4, what is 1323121 - -222300?
2212021
In base 2, what is 10100100110101 - 1000100000?
10011100010101
In base 10, what is -559 + 16795?
16236
In base 16, what is -3cdba9 - -1b?
-3cdb8e
In base 2, what is 1000 + -10111001110010100010000100?
-10111001110010100001111100
In base 16, what is 2a - -13d7c?
13da6
In base 16, what is -426 - 83e7?
-880d
In base 16, what is -8451 - d?
-845e
In base 9, what is 54388 - 575?
53713
In base 16, what is d39eae5 - 1?
d39eae4
In base 6, what is -40250530 + -205?
-40251135
In base 7, what is -2121665454 + -3?
-2121665460
In base 2, what is 1 + 111000001001010100100110?
111000001001010100100111
In base 3, what is 11110101000120021 + 10?
11110101000120101
In base 11, what is -2 + 360395?
360393
In base 12, what is 24 + -10388aa?
-1038886
In base 2, what is -101101000011 - -11111001000101110?
11110011011101011
In base 5, what is -10002 + 13340044?
13330042
In base 8, what is 465243227 + 15?
465243244
In base 2, what is 110110111 + -1000000010011010?
-111111011100011
In base 13, what is -7baba11 - 2?
-7baba13
In base 6, what is 301150 + 5242?
310432
In base 13, what is 9 - 50cbab?
-50cba2
In base 9, what is -44 + -4032660?
-4032714
In base 13, what is 165 - 33117?
-32c82
In base 7, what is -530 + -536344?
-540204
In base 13, what is 0 + -13cba746?
-13cba746
In base 11, what is -3 + -5549361?
-5549364
In base 9, what is -5 + -1843076?
-1843082
In base 11, what is -1203 + -1a226?
-20429
In base 14, what is -6aa4425 + -4?
-6aa4429
In base 15, what is -15b18 + 6?
-15b12
In base 6, what is -423 + 232130?
231303
In base 4, what is 122202 + -100000?
22202
In base 15, what is -a9505 - -24?
-a94d1
In base 8, what is -12371 - -2001?
-10370
In base 12, what is -36048 - -634?
-35614
In base 6, what is -35 - -22300250?
22300211
In base 12, what is 2 - 407145?
-407143
In base 14, what is 672488 - -5?
67248d
In base 4, what is 3010203213 - 100?
3010203113
In base 5, what is -1 + 33120210244?
33120210243
In base 8, what is 47120 - 21471?
25427
In base 11, what is -6914 + -8839?
-14652
In base 10, what is -1185582 - 240?
-1185822
In base 5, what is 1434 + -234043201?
-234041212
In base 6, what is 5153440 - 4341?
5145055
In base 10, what is 209312 + 1132?
210444
In base 16, what is -11747e + 49?
-117435
In base 4, what is 11121123323020 - 2?
11121123323012
In base 6, what is 20431 + -115321?
-54450
In base 14, what is -58a - -1a9d?
1513
In base 3, what is 1 - 12102200221122100?
-12102200221122022
In base 15, what is 3 - 8b07d6?
-8b07d3
In base 15, what is 4 + -67caab?
-67caa7
In base 5, what is -42104043 + -10101?
-42114144
In base 2, what is 11010001 - 100000001000001001?
-100000000100111000
In base 5, what is -40202330413 + 31?
-40202330332
In base 14, what is -bba11d4 - -1?
-bba11d3
In base 13, what is -2a5c154b + -2?
-2a5c1550
In base 4, what is -112001020212 - -10?
-112001020202
In base 3, what is 221120222 + -1002?
221112220
In base 12, what is 156821 + 5a?
15687b
In base 2, what is 10010 + 11101110001001110?
11101110001100000
In base 2, what is -1001110000010101010 - 11001011?
-1001110000101110101
In base 10, what is -17628446 + -5?
-17628451
In base 7, what is -64162213 - -46?
-64162134
In base 16, what is -5 + -550a17?
-550a1c
In base 9, what is -721241 - 174?
-721425
In base 9, what is -1055 - -20737?
18672
In base 5, what is -10 - -23401113110?
23401113100
In base 15, what is -a2 + 135108?
135056
In base 6, what is 1511413 + -245?
1511124
In base 7, what is -12130 - 21032?
-33162
In base 4, what is 13122 - -2332320022?
2332333210
In base 9, what is 21 + 3663076?
3663107
In base 6, what is -2 + -2531021433?
-2531021435
In base 9, what is 8 + 2752445?
2752454
In base 2, what is 11001100101 + 100101111101111?
101001001010100
In base 8, what is 324 - 721425?
-721101
In base 6, what is 1030552230 + 105?
1030552335
In base 11, what is 5 + 1787650?
1787655
In base 11, what is -5434 + 348?
-5097
In base 10, what is -3 - -36817462?
36817459
In base 2, what is 1110011001101010011010100011 + -11?
1110011001101010011010100000
In base 16, what is -2 - 72b2151?
-72b2153
In base 3, what is -1000212002101 - 1212?
-1000212011020
In base 12, what is 0 - -12783787?
12783787
In base 16, what is -48b7c + -90?
-48c0c
In base 6, what is 4034023134 - 2?
4034023132
In base 15, what is -52722 - b?
-5272d
In base 4, what is 31213322200 - -3?
31213322203
In base 15, what is d10 + 4cdc?
5aec
In base 11, what is 132 + -8841?
-870a
In base 12, what is -792542 - 4?
-792546
In base 14, what is 0 + -64b345?
-64b345
In base 4, what is -11001 + -132002?
-203003
In base 11, what is 7 - -102a65?
102a71
In base 12, what is -1806110 + 5?
-1806107
In base 14, what is 61990 - c4?
618aa
In base 15, what is 235a9650 - -3?
235a9653
In base 3, what is -120212000 + 2110002?
-111101221
In base 5, what is 34 + -2100342?
-2100303
In base 5, what is -2 - -1302044424?
1302044422
In base 12, what is 12 - 5980aa?
-598098
In base 5, what is -134 + 3242220000?
3242214311
In base 3, what is -11101010021111100 - 2?
-11101010021111102
In base 7, what is 116 + -11504514?
-